
Calculate the greatest common factor of 1638 and 1040.
26
Calculate the highest common divisor of 2366 and 845.
169
What is the greatest common factor of 11 and 209?
11
What is the greatest common divisor of 3689 and 77?
7
Calculate the greatest common divisor of 3013 and 23.
23
Calculate the greatest common factor of 40 and 500.
20
What is the greatest common divisor of 19 and 646?
19
What is the greatest common factor of 17 and 782?
17
Calculate the greatest common factor of 4035 and 15.
15
Calculate the highest common divisor of 156 and 9204.
156
What is the highest common factor of 2249 and 13?
13
What is the greatest common divisor of 595 and 1904?
119
Calculate the highest common divisor of 5 and 640.
5
Calculate the highest common divisor of 160 and 30.
10
What is the greatest common divisor of 899 and 29?
29
What is the highest common divisor of 32 and 1504?
32
What is the greatest common divisor of 24 and 1576?
8
Calculate the greatest common factor of 54 and 14.
2
What is the highest common factor of 1705 and 20119?
341
What is the greatest common factor of 2698 and 57?
19
What is the greatest common factor of 510 and 30?
30
Calculate the greatest common divisor of 1391 and 107.
107
Calculate the greatest common factor of 38 and 1007.
19
What is the highest common factor of 54 and 522?
18
Calculate the highest common divisor of 41 and 697.
41
Calculate the highest common divisor of 52 and 884.
52
What is the greatest common factor of 170 and 300?
10
What is the greatest common factor of 459 and 51?
51
What is the greatest common factor of 50 and 550?
50
What is the greatest common factor of 558 and 90?
18
What is the highest common factor of 22 and 2816?
22
Calculate the highest common divisor of 63 and 144.
9
Calculate the highest common divisor of 208 and 656.
16
Calculate the greatest common divisor of 92 and 36.
4
Calculate the highest common divisor of 18 and 48.
6
Calculate the greatest common divisor of 209 and 8569.
209
Calculate the highest common divisor of 1570 and 10.
10
What is the highest common divisor of 24 and 1536?
24
Calculate the highest common factor of 120 and 192.
24
What is the highest common factor of 1296 and 176?
16
What is the greatest common divisor of 162 and 18?
18
What is the greatest common divisor of 70 and 40?
10
Calculate the greatest common divisor of 23 and 26726.
23
Calculate the greatest common factor of 285 and 915.
15
What is the greatest common divisor of 3 and 447?
3
Calculate the greatest common factor of 14 and 637.
7
What is the highest common factor of 12135 and 45?
15
What is the highest common divisor of 60 and 60?
60
Calculate the greatest common divisor of 6 and 6.
6
Calculate the greatest common factor of 1521 and 81.
9
What is the greatest common divisor of 735 and 840?
105
What is the highest common divisor of 75 and 60?
15
Calculate the greatest common factor of 22 and 11.
11
Calculate the greatest common factor of 1 and 29.
1
Calculate the highest common factor of 25 and 1475.
25
What is the greatest common factor of 966 and 690?
138
Calculate the greatest common divisor of 6 and 1845.
3
What is the greatest common divisor of 865 and 3979?
173
What is the greatest common factor of 54 and 42?
6
Calculate the greatest common factor of 1170 and 455.
65
What is the highest common divisor of 99 and 8217?
99
Calculate the highest common divisor of 19 and 437.
19
Calculate the highest common divisor of 66 and 26400.
66
Calculate the highest common divisor of 104 and 364.
52
What is the greatest common divisor of 265 and 10?
5
Calculate the highest common divisor of 189 and 21.
21
Calculate the greatest common divisor of 1891 and 244.
61
What is the highest common factor of 168 and 42?
42
Calculate the highest common factor of 105 and 120.
15
What is the highest common divisor of 6 and 282?
6
What is the greatest common factor of 25 and 50?
25
Calculate the greatest common divisor of 24 and 24.
24
What is the greatest common divisor of 42655 and 95?
95
What is the highest common divisor of 36 and 72?
36
What is the greatest common divisor of 38538 and 18?
18
Calculate the highest common factor of 2 and 522.
2
Calculate the greatest common factor of 333 and 225.
9
Calculate the highest common factor of 95 and 209.
19
What is the greatest common factor of 207 and 54?
9
Calculate the highest common divisor of 817 and 19.
19
What is the greatest common divisor of 20 and 260?
20
What is the greatest common divisor of 3930 and 60?
30
What is the highest common divisor of 756 and 1848?
84
What is the greatest common divisor of 128 and 9008?
16
What is the highest common divisor of 144 and 32?
16
Calculate the highest common factor of 799 and 17.
17
What is the greatest common factor of 812 and 1134?
14
What is the highest common divisor of 462 and 847?
77
Calculate the greatest common divisor of 238 and 85.
17
Calculate the greatest common divisor of 448 and 1024.
64
Calculate the highest common divisor of 86 and 301.
43
What is the highest common factor of 9 and 72?
9
Calculate the highest common factor of 270 and 324.
54
What is the highest common divisor of 4 and 512?
4
What is the greatest common divisor of 60 and 870?
30
Calculate the greatest common factor of 210 and 8106.
42
Calculate the greatest common factor of 1168 and 16.
16
Calculate the highest common factor of 946 and 506.
22
What is the highest common factor of 930 and 310?
310
What is the greatest common factor of 75 and 3?
3
What is the highest common factor of 17505 and 9?
9
Calculate the greatest common divisor of 280 and 245.
35
Calculate the greatest common divisor of 32 and 2240.
32
What is the highest common factor of 207 and 12351?
69
What is the greatest common divisor of 234 and 21060?
234
What is the highest common divisor of 14 and 43162?
14
What is the greatest common divisor of 22 and 2904?
22
Calculate the greatest common factor of 164 and 2091.
41
What is the highest common factor of 14 and 238?
14
What is the highest common factor of 5746 and 68?
34
What is the highest common factor of 3976 and 322?
14
What is the greatest common factor of 5530 and 35?
35
Calculate the highest common factor of 8 and 37432.
8
What is the highest common factor of 4017 and 2781?
309
Calculate the highest common factor of 1022 and 329.
7
Calculate the greatest common divisor of 3599 and 59.
59
What is the greatest common divisor of 527 and 119?
17
Calculate the highest common factor of 124 and 3317.
31
Calculate the greatest common divisor of 5293 and 79.
79
Calculate the greatest common factor of 2132 and 820.
164
Calculate the highest common factor of 16832 and 263.
263
Calculate the greatest common factor of 2000 and 260.
20
What is the highest common divisor of 325 and 50?
25
Calculate the highest common factor of 45 and 45.
45
What is the highest common factor of 234 and 1521?
117
Calculate the greatest common factor of 94 and 36613.
47
Calculate the highest common divisor of 59413 and 59.
59
What is the highest common divisor of 27 and 36?
9
Calculate the highest common divisor of 36 and 1356.
12
Calculate the highest common factor of 195 and 10.
5
What is the greatest common factor of 214 and 98?
2
What is the greatest common factor of 2690 and 70?
10
What is the highest common divisor of 58 and 377?
29
Calculate the greatest common divisor of 80 and 280.
40
Calculate the highest common divisor of 512 and 400.
16
Calculate the greatest common divisor of 17 and 221.
17
What is the greatest common factor of 49 and 2?
1
Calculate the highest common divisor of 7472 and 64.
16
What is the highest common divisor of 480 and 3040?
160
Calculate the highest common divisor of 252 and 112.
28
Calculate the highest common divisor of 3124 and 44.
44
What is the highest common divisor of 6394 and 139?
139
What is the greatest common factor of 74 and 1813?
37
What is the highest common factor of 715 and 26?
13
What is the greatest common divisor of 13636 and 84?
28
Calculate the greatest common factor of 68 and 306.
34
Calculate the highest common divisor of 1210 and 50.
10
Calculate the highest common divisor of 15 and 2595.
15
What is the highest common factor of 738 and 117?
9
Calculate the greatest common divisor of 1656 and 24